{"id":348,"date":"2019-03-26T23:46:44","date_gmt":"2019-03-27T02:46:44","guid":{"rendered":"http:\/\/igrejagnosticarosacruz.com\/?page_id=348"},"modified":"2024-07-06T19:55:54","modified_gmt":"2024-07-06T22:55:54","slug":"loja-giza-no07-rito-memphis-misraim","status":"publish","type":"page","link":"http:\/\/igrejagnosticarosacruz.com\/?page_id=348","title":{"rendered":"Ma\u00e7onaria Mista"},"content":{"rendered":"\n<div class=\"wp-block-image\"><figure class=\"aligncenter size-large is-resized\"><img loading=\"lazy\" src=\"http:\/\/igrejagnosticarosacruz.com\/wp-content\/uploads\/2024\/07\/TERRA-OBBITS-1024x498.jpg\" alt=\"\" class=\"wp-image-759\" width=\"704\" height=\"355\"\/><\/figure><\/div>\n\n\n<p><strong>CONSTITUI\u00c7\u00c3O DO RITO DE MEMPHIS MISRAIM<\/strong><\/p>\n<p>Os 90 graus do Rito de Misraim e os 94 graus do Rito de Memphis<br \/>formam um conjunto que compreende numa nomenclatura especial, os graus chaves de toda a nossa escala de graus, reservando o \u00faltimo grau aos Conservadores da Ordem e do Rito. O Antigo e Primitivo Rito Oriental de Misraim e Memphis \u00e9 composto por 95 graus, no qual se juntam dois graus administrativos: o 96\u00b0 (prerrogativa do Sublime Gr\u00e3o Grande Comendador Nacional) e o 97\u00b0 (prerrogativa do Soberano Grande Hierofante Geral).<br \/>As quatro s\u00e9ries do Rito de Misraim e as tr\u00eas s\u00e9ries do Rito de Memphis foram reunidas em duas se\u00e7\u00f5es de quatro s\u00e9ries: A Se\u00e7\u00e3o Ma\u00e7\u00f4nica, com a s\u00e9rie Simb\u00f3lica e Filos\u00f3fica; e a Se\u00e7\u00e3o Iluminista, com a s\u00e9rie M\u00edstica e Cabal\u00edstica.\u00a0<\/p>\n<p>O Antigo e Primitivo Rito Oriental de Misraim e Memphis \u00e9 o resultado da intima reelabora\u00e7\u00e3o do Rito de Misraim ou Eg\u00edpcio, ressurgido regularmente em Veneza em 1801, e do Rito de Memphis ou Oriental criado em 1839 em Paris, com uma nomenclatura que reelaborou os graus do Rito de Misraim introduzindo inicia\u00e7\u00f5es e rituais do tipo Oriental.<\/p>\n<p>O seu principal objetivo \u00e9 trabalhar na busca da verdade. Toda e qualquer refer\u00eancia a quest\u00f5es de car\u00e1ter religioso ou social, n\u00e3o poder\u00e3o ter outro escopo a n\u00e3o ser que iluminar o caminho inici\u00e1tico de nossos membros. Respeita as leis e a forma pol\u00edtica de cada Estado e considera como caracter\u00edstica fundamental da Ordem e do Rito, a toler\u00e2ncia pol\u00edtica e religiosa.<\/p>\n<p>O Antigo e Primitivo Rito Oriental de Misraim e Memphis afirma que os Princ\u00edpios das Religi\u00f5es (ou dos credos) que foram ensinados ao Homem conduz a pr\u00e1tica e ao dever de render homenagem ao divino autor de nosso ser. Tem por base a cren\u00e7a na exist\u00eancia do Supremo Art\u00edfice dos Mundos e da Imortalidade da Alma. Dirige os seus trabalhos &#8211; sob pena de nulidade &#8211; A Gl\u00f3ria do Supremo Art\u00edfice dos Mundos &#8211; o mesmo que O Grande Arquiteto do Universo e tem por divisa &#8211; a F\u00e9, Esperan\u00e7a e a Caridade.<\/p>\n<p>Atrav\u00e9s de um sistema tradicional de alegorias e de s\u00edmbolos persegue o aperfei\u00e7oamento espiritual e o fortalecimento do car\u00e1ter do indiv\u00edduo por meio do qual melhora a totalidade da fraternidade humana.<\/p>\n<p>Segue fielmente a Tradi\u00e7\u00e3o perseguindo o desenvolvimento da mais pura ritual\u00edstica e inicia\u00e7\u00e3o. Rejeita toda mentalidade e movimentos sect\u00e1rios. De tal forma que admite todos os homens e mulheres, qualquer que seja o I seu Pa\u00eds, seu culto, sua forma\u00e7\u00e3o, desde que sejam livres e de bons costumes, desejosos de conquistar com o pr\u00f3prio trabalho interior os planos superiores do Esp\u00edrito segundo o m\u00e9todo tradicional custodiado pelo Rito. Que tenha atingido a maior idade, que n\u00e3o exer\u00e7a nenhuma\u00a0profiss\u00e3o degradante, que saibam ao menos ler e escrever corretamente e que tenham rendimentos suficientes para as suas necessidades e de sua fam\u00edlia.<\/p>\n<p>O Antigo e Primitivo Rito Oriental de Misraim e Memphis reconhece<br \/>todos os Ritos Ma\u00e7\u00f4nicos e n\u00e3o proscreve algum, ao menos que o Rito seja contr\u00e1rio aos Princ\u00edpios da Tradi\u00e7\u00e3o, aos Princ\u00edpios Gerais da Ma\u00e7onaria, ou que seja originado de usurpa\u00e7\u00e3o.<\/p>\n<p>O Antigo e Primitivo Rito Oriental de Misraim e Memphis quando as<br \/>circunst\u00e2ncias permitirem, promover\u00e1 contato com outras obedi\u00eancias ma\u00e7\u00f4nicas com o fim de promover a fraternidade, atrav\u00e9s de trocas rec\u00edprocas de Garantes de Amizade.<\/p>\n<p><img loading=\"lazy\" class=\"size-medium wp-image-761 aligncenter\" src=\"http:\/\/igrejagnosticarosacruz.com\/wp-content\/uploads\/2024\/07\/giza-7-295x300.jpg\" alt=\"\" width=\"295\" height=\"300\" srcset=\"http:\/\/igrejagnosticarosacruz.com\/wp-content\/uploads\/2024\/07\/giza-7-295x300.jpg 295w, http:\/\/igrejagnosticarosacruz.com\/wp-content\/uploads\/2024\/07\/giza-7-1008x1024.jpg 1008w, http:\/\/igrejagnosticarosacruz.com\/wp-content\/uploads\/2024\/07\/giza-7-768x780.jpg 768w, http:\/\/igrejagnosticarosacruz.com\/wp-content\/uploads\/2024\/07\/giza-7.jpg 1226w\" sizes=\"(max-width: 295px) 100vw, 295px\" \/><\/p>\n<p><strong>LOJA MA\u00c7\u00d4NICA GIZA N\u00ba 7-\u00a0(Rito Oriental de Memphis Misraim)<\/strong><\/p>\n<p>De in\u00edcio, foi fundada como um tri\u00e2ngulo ma\u00e7\u00f4nico do Antigo e Primitivo Rito Oriental de Memphis e Misraim, com a cobertura do Soberano Grande Santu\u00e1rio Adri\u00e1tico da It\u00e1lia com a ajuda do Grande Hierotilista e Secret\u00e1rio do Rito no Brasil, o Irm\u00e3o M\u00e1rcio Moreira de Oliveira, Grau 30\u00ba 90\u00ba.<\/p>\n<p>No dia 28 de mar\u00e7o do ano de 2010, j\u00e1 com um n\u00famero significativo de Irm\u00e3os, foi feita a Instala\u00e7\u00e3o da Augusta e Respeit\u00e1vel Loja Giza n\u00ba 7. Sendo esta a primeira loja ma\u00e7\u00f4nica no Maranh\u00e3o a iniciar mulheres em p\u00e9 de igualdade com os homens. A instala\u00e7\u00e3o desta Loja Mista foi feita com a ajuda do representante do Soberano santu\u00e1rio do Rito Antigo e Primitivo de Memphis Misraim do Chile para o Brasil. Atualmente temos em nosso poder, v\u00e1rias patentes que nos habilitam a trabalhar com este rito em todos os seus graus, tanto nas lojas simb\u00f3licas, graus 1,2 e 3 como nos graus filos\u00f3ficos assim distribu\u00eddos:<\/p>\n<p><strong>Rito de Memphis\u00a0 Misra\u00edm<\/strong><\/p>\n<p>O Rito Antigo e Primitivo de Memphis e Misraim \u00e9 um Rito de inicia\u00e7\u00e3o dentro das lojas ma\u00e7\u00f4nicas formadas pela uni\u00e3o de dois ritos ma\u00e7\u00f4nicos antigos de inspira\u00e7\u00e3o Rosacruz: \u00a0o Rito de Memphis e o Rito de Misraim. O promotor da fus\u00e3o de ambos os ritos era o famoso general e diplomata Giuseppe Garibaldi, que em 1881 se tornou o primeiro Grande Mestre do Rito. Nos Estados Unidos e no Reino Unido, a unifica\u00e7\u00e3o estava a cargo de John Yarker. Outros famosos integrantes de Memphis e Misraim foram Winston Churchill, Clement Atlee, Theodor Reuss, Gerard Encausse (Papus), Constant Chevillon, Robert Ambelain, Arnold Krumm-Heller e Harvey Spencer Lewis. John Yarker tamb\u00e9m foi um dos principais ma\u00e7ons que estavam envolvidos no grupo da OTO e BOTA, juntamente com Reuss e alguns outros. Todas as lojas do Rito de Memphis Misraim s\u00e3o agrupados sob os Congressos chamados de Soberanos Santu\u00e1rios segundo a sua linhagem sucess\u00f3ria, e sob a dire\u00e7\u00e3o exclusiva do Soberano Santu\u00e1rio Internacional de acordo com o acima exposto.<\/p>\n<p><strong>Constitui\u00e7\u00e3o geral<\/strong><\/p>\n<p>A diferen\u00e7a do difundido Rito Escoc\u00eas Antigo e Aceito que \u00e9 maiorit\u00e1rio dentro da Ma\u00e7onaria Latina; sendo o Rito de York, o mais numeroso a n\u00edvel mundial e que no\u00a0 primeiro inclui 33 graus, os Soberanos Santu\u00e1rios de Memphis-MIsraim contam; em sua maioria, com um sistema de 99 graus:<\/p>\n<ul>\n<li>Primeira s\u00e9rie: Ma\u00e7onaria Simb\u00f3lica (graus 1 a 3)<\/li>\n<li>Segunda s\u00e9rie: Ma\u00e7onaria Filos\u00f3fica (graus 4 a 33)<\/li>\n<li>Terceira s\u00e9rie: Ma\u00e7onaria Herm\u00e9tica (graus 34 a 95)<\/li>\n<li>Graus superiores: Graus 96\u00ba e 97\u00ba e foram estabelecidos originalmente por Garibaldi, embora o Congresso Ma\u00e7\u00f4nico 1934 em Londres, foram adicionados os graus 98 e 99.<\/li>\n<\/ul>\n<p>Conhe\u00e7a um pouco sobre a ma\u00e7onaria mista<\/p>\n<p><strong><u>MA\u00c7ONARIA MISTA<\/u><\/strong><\/p>\n<p>Ma\u00e7onaria \u00e9 uma ci\u00eancia de moralidade, velada por alegorias e ilustrada por s\u00edmbolos. Ma\u00e7onaria Mista s\u00e3o corpora\u00e7\u00f5es ou obedi\u00eancias ma\u00e7\u00f4nicas compostas por homens e mulheres em p\u00e9 de igualdade onde a mulher tem os mesmos tratamentos que os homens.<\/p>\n<p><strong>Hist\u00f3ria<\/strong><\/p>\n<p>As mulheres foram aceitas na ma\u00e7onaria, de forma muito diversa no tempo e segundo o pa\u00eds. A primeira mulher iniciada na ma\u00e7onaria especulativa que se tem not\u00edcia foi\u00a0<u>Elizabeth Aldworth, (1691-1773)<\/u>\u00a0que se iniciou em Cork, na Irlanda, o que aconteceu um pouco antes da cria\u00e7\u00e3o da primeira Grande Loja, em 1717 e com o tempo se tornou mestra daquela loja. Posteriormente, houve mais mulheres em lojas ma\u00e7\u00f4nicas, como foi o caso de\u00a0<u>Maria Deraismes<\/u>, iniciada em 14 de janeiro de 1879. A inicia\u00e7\u00e3o dela em uma loja masculina, p\u00f4s em movimento os eventos que resultaram na forma\u00e7\u00e3o de \u201cLe Droit Humain\u201d. Esta Ordem ma\u00e7\u00f4nica se tornou uma ordem internacional com sede em Paris. Surgem tamb\u00e9m a \u201cLoja de Ado\u00e7\u00e3o\u201d na Fran\u00e7a, a \u201cOrdem de Mopse\u201d na Pr\u00fassia e a \u201cEstrela do Oriente\u201d, nos Estados Unidos. Hoje em dia h\u00e1 um n\u00famero crescente de pa\u00edses, incluindo o Brasil, onde as mulheres podem ser iniciadas em lojas ma\u00e7\u00f4nicas, sejam elas exclusivamente femininas ou mistas.<\/p>\n<p>Registro de participa\u00e7\u00e3o de mulheres nas corpora\u00e7\u00f5es ma\u00e7\u00f4nicas operativa do passado.<\/p>\n<p>O\u00a0<u>Manuscrito Regius<\/u>, datado de 1390, \u00e9 o mais antigo manuscrito ainda descoberto relativo a ma\u00e7onaria. Este extrato da \u00e9poca da ma\u00e7onaria operativa comprova a inclus\u00e3o da mulher na ma\u00e7onaria do passado,\u00a0 antes de surgir a ma\u00e7onaria especulativa organizada em 1717 na Inglaterra.<\/p>\n<p><em>\u201cNeste of\u00edcio honesto para ser perfeito, e assim cada um deve ensinar os outros. E o amor juntos, como irm\u00e3o e irm\u00e3. O artigo d\u00e9cimo \u00e9 para saber, que entre o Of\u00edcio, os altos e baixos, n\u00e3o \u00e9 nenhum Mestre que ir\u00e1 suplementar o outro, mas estar juntos como irm\u00e3 e irm\u00e3os, este of\u00edcio curioso, todos e alguns, que pertence a um Mestre Ma\u00e7om\u201d<\/em><\/p>\n<p><strong>Na Ma\u00e7onaria Eg\u00edpcia<\/strong><\/p>\n<p>As mulheres tamb\u00e9m foram iniciadas em Haia, nos diferentes graus da Ma\u00e7onaria, chamado primeiro como \u201cEg\u00edpcia\u201d, como parte do sexo feminino que\u00a0<u>Cagliostro<\/u>\u00a0tinha confiado a gest\u00e3o de sua mulher\u00a0<u>Serafina<\/u>. Ao longo de suas viagens, ele fez o mesmo nas cidades de Mitau em 1780\u00a0 e em Paris, em 1785. No Brasil a Ma\u00e7onaria Mista est\u00e1 agrupada em Grandes Lojas ou Grandes Santu\u00e1rios onde se trabalha com o Rito Oriental de Memphis Misraim.<\/p>\n<hr \/>\n<p><strong>ATEN\u00c7\u00c3O: Se voc\u00eas mulheres guerreiras e homens de boa vontade desejarem conhecer os mist\u00e9rios ma\u00e7\u00f4nicos do Rito Oriental de Memphis-Misraim\u00a0 do nosso Soberano Santu\u00e1rio de Memphis Misraim da Igreja Gn\u00f3stica Rosa Cruz e do Soberano Santu\u00e1rio da Gnose do Brasil, entre em contato conosco pelo E-mail: <\/strong><a href=\"mailto:maconariamista@yahoo.com\"><strong>maconariamista@yahoo.com<\/strong><\/a><strong>.br<\/strong><strong> ou pelo fone:<\/strong><\/p>\n<p><strong>(98) 985095809\u00a0solicitando informa\u00e7\u00f5es, e em seguida, te enviaremos algumas quest\u00f5es de averigua\u00e7\u00e3o.<\/strong><\/p>\n\n\n<figure class=\"wp-block-image\"><img alt=\"\"\/><\/figure>\n\n\n\n<figure class=\"wp-block-image\"><img alt=\"\"\/><\/figure>\n\n\n\n<figure class=\"wp-block-image\"><img alt=\"\"\/><\/figure>\n","protected":false},"excerpt":{"rendered":"<p>CONSTITUI\u00c7\u00c3O DO RITO DE MEMPHIS MISRAIM Os 90 graus do Rito de Misraim e os 94 graus do Rito de Memphisformam um conjunto que compreende numa nomenclatura especial, os graus chaves de toda a nossa escala de graus, reservando o &hellip; <a href=\"http:\/\/igrejagnosticarosacruz.com\/?page_id=348\">Continue lendo <span class=\"meta-nav\">&rarr;<\/span><\/a><\/p>\n","protected":false},"author":3,"featured_media":0,"parent":0,"menu_order":0,"comment_status":"closed","ping_status":"closed","template":"sidebar-page.php","meta":{"_mi_skip_tracking":false},"_links":{"self":[{"href":"http:\/\/igrejagnosticarosacruz.com\/index.php?rest_route=\/wp\/v2\/pages\/348"}],"collection":[{"href":"http:\/\/igrejagnosticarosacruz.com\/index.php?rest_route=\/wp\/v2\/pages"}],"about":[{"href":"http:\/\/igrejagnosticarosacruz.com\/index.php?rest_route=\/wp\/v2\/types\/page"}],"author":[{"embeddable":true,"href":"http:\/\/igrejagnosticarosacruz.com\/index.php?rest_route=\/wp\/v2\/users\/3"}],"replies":[{"embeddable":true,"href":"http:\/\/igrejagnosticarosacruz.com\/index.php?rest_route=%2Fwp%2Fv2%2Fcomments&post=348"}],"version-history":[{"count":26,"href":"http:\/\/igrejagnosticarosacruz.com\/index.php?rest_route=\/wp\/v2\/pages\/348\/revisions"}],"predecessor-version":[{"id":767,"href":"http:\/\/igrejagnosticarosacruz.com\/index.php?rest_route=\/wp\/v2\/pages\/348\/revisions\/767"}],"wp:attachment":[{"href":"http:\/\/igrejagnosticarosacruz.com\/index.php?rest_route=%2Fwp%2Fv2%2Fmedia&parent=348"}],"curies":[{"name":"wp","href":"https:\/\/api.w.org\/{rel}","templated":true}]}}