{"id":357,"date":"2019-03-26T23:54:22","date_gmt":"2019-03-27T02:54:22","guid":{"rendered":"http:\/\/igrejagnosticarosacruz.com\/?page_id=357"},"modified":"2024-07-05T10:49:09","modified_gmt":"2024-07-05T13:49:09","slug":"ordem-dos-cavaleiros-macons-elus-cohen-do-universo","status":"publish","type":"page","link":"http:\/\/igrejagnosticarosacruz.com\/?page_id=357","title":{"rendered":"ORDEM DOS CAVALEIROS MA\u00c7ONS ELUS COHEN DO UNIVERSO"},"content":{"rendered":"\n<div class=\"wp-block-image\"><figure class=\"aligncenter is-resized\"><img loading=\"lazy\" src=\"http:\/\/igrejagnosticarosacruz.com\/wp-content\/uploads\/2019\/03\/LOJA-ELUS-COHEN-1024x1022.jpg\" alt=\"\" class=\"wp-image-515\" width=\"297\" height=\"304\"\/><\/figure><\/div>\n\n\n<h2>\u00a0<\/h2>\n<h2><strong>LOJA MARTINEZ DE PASQUALLY<\/strong><\/h2>\n<p style=\"text-align: justify;\">A \u201cORDEM MARTINISTA DOS FIL\u00d3SOFOS DESCONHECIDOS \u00a0\u00e9 constitu\u00edda de dois C\u00edrculos:<\/p>\n<p style=\"text-align: justify;\">a) O <strong>C\u00edrculo<\/strong> <strong>Externo<\/strong> para estudos esot\u00e9ricos, que \u00e9 uma escola de ensino para os primeiros dois graus que se encontram em uma &#8220;Loja de Instru\u00e7\u00e3o\u201d;<\/p>\n<p style=\"text-align: justify;\">b) O <strong>C\u00edrculo Interno<\/strong> dos SSII que se encontram em um \u201cCap\u00edtulo\u201d ou \u201cGrande Cap\u00edtulo\u201d e cuja vontade \u00e9 de fazer parte desta comunidade eleita chamada \u201cSantu\u00e1rio Interior\u201d, \u201cSociedade dos Eleitos\u201d ou a \u201cIgreja interior\u201d (D\u2019Eckhartshausen e Lopoukhine), que est\u00e1 consciente do car\u00e1ter universal e central do esoterismo e para o qual &#8220;a posse presente de Deus, de Jesus Cristo em n\u00f3s, \u00e9 o centro para o qual todos os mist\u00e9rios, como os raios de um c\u00edrculo, o foco.\u201d (D\u2019Eckhartshausen: A Nuvem sobre o Santu\u00e1rio).<\/p>\n<p style=\"text-align: justify;\">O Martinismo \u00e9 uma Cavalaria Crist\u00e3 ouse preferir, uma cavalaria linha de aperfei\u00e7oamento individual e coletiva. Assim, deve tender a ser composta apenas por perfeitos servidores e sucessores dos Mestres reais do movimento.<\/p>\n<p style=\"text-align: justify;\">Esta questiona todos os membros para um padr\u00e3o de comportamento livremente aceito por todos, num esp\u00edrito de devo\u00e7\u00e3o e uma disciplina sem a qual todo o trabalho coletivo seria imposs\u00edvel. Maior toler\u00e2ncia, ou melhor, mais amplo esp\u00edrito de compreens\u00e3o \u00e9, portanto, necess\u00e1ria.<\/p>\n<p style=\"text-align: justify;\">N\u00f3s ent\u00e3o pedimos que medite sobre seu pedido e para descobrir as raz\u00f5es mais profundas da mesma, de acordo com estas indica\u00e7\u00f5es, antes de tomar quaisquer medidas adicionais.<\/p>\n<p style=\"text-align: justify;\"><strong>NOSSA LOJA DA ORDEM DOS CAVALEIROS MA\u00c7ONS- <\/strong><strong>ELUS COHEN DO UNIVERSO<\/strong><\/p>\n<p style=\"text-align: justify;\"><strong>Esta Loja s\u00f3 inicia os membros das lojas de linhagens que est\u00e3o sob prote\u00e7\u00e3o da Igreja Gn\u00f3stica Rosa Cruz que j\u00e1 atingiram o 3\u00ba grau de qualquer uma das unidades iici\u00e1ticas.<\/strong><\/p>\n<p style=\"text-align: justify;\"><strong>\u00a0<\/strong><strong><em>Martinez de Pasquallys &#8211; Um pouco de hist\u00f3ria<\/em><\/strong><\/p>\n<p style=\"text-align: justify;\">O nome completo era Jacques de Livron Joachin de la Tour de la Casa Martinez de Pasqually. Nasceu em Grenoble, Fran\u00e7a, em 1727. Seu pai tinha uma patente ma\u00e7\u00f4nica emitida por Charles Stuart, Rei da Esc\u00f3cia, Irlanda e Inglaterra, fechada em 20 de maio de 1738, outorgando-lhe o cargo de Grande Mestre Delegado, com autoridade para levantar templos para a gl\u00f3ria do Grande Arquiteto do Universo, e para transmitir a referida Carta Patente a seu filho maior. A patente e os poderes foram transmitidos depois de sua morte a seu filho que tinha 28 anos. Martinez foi um grande homem que tentou durante toda a sua vida, infundir a espiritualidade \u00e0 Ma\u00e7onaria<\/p>\n<p style=\"text-align: justify;\">Pasqually deu a sua sociedade o nome de \u201cOrdem\u201d que j\u00e1 portava a dos Franco-Ma\u00e7ons. A Ordem dos Elus Cohen se apresenta ent\u00e3o ao Ne\u00f3fito como um sistema de Franco-Ma\u00e7onaria Escocesa, depositaria da verdadeira tradi\u00e7\u00e3o secreta. Tomam emprestado da Ordem Ma\u00e7\u00f4nica seus s\u00edmbolos e uma boa parte de seu ritual, para sob um \u201cv\u00e9u\u201d, apresentado voluntariamente de forma transparente, debulhando nos primeiros Graus, afim de por a prova as disposi\u00e7\u00f5es dos recrutados as doutrinas expostas na Reintegra\u00e7\u00e3o, da que seus cadernos tomaram emprestado seu vocabul\u00e1rio m\u00edstico, ainda que os Graus superiores tinham como principal objetivo as Opera\u00e7\u00f5es, servindo-se do novo iniciado e dos adeptos escolhidos que posteriormente seriam admitidos nos Grau supremo e secreto: ao Grau de R\u00e9au-Croix.<\/p>\n<p style=\"text-align: justify;\">Martinez trabalhou durante toda sua vida na cria\u00e7\u00e3o de um grande movimento espiritualista dentro do marco da Ma\u00e7onaria. Quando p\u00f4de organizar este movimento como Ordem, n\u00e3o ma\u00e7\u00f4nica no sentido estrito da palavra, mas composta, exclusivamente, por Ma\u00e7ons, deu-lhe o nome de: &#8220;Ordem dos Cavaleiros Ma\u00e7ons Elus-Cohen do Universo&#8221;.<\/p>\n<p style=\"text-align: justify;\">J\u00e1 dissemos que antes de fundar a Ordem dos Elus-Cohen, Pasquallys havia trabalhado dentro do marco da Ma\u00e7onaria. Assim, em 1754, fundou em Montpellier o cap\u00edtulo ma\u00e7\u00f4nico &#8220;Os Ju\u00edzes Escoceses&#8221;. Entre 1755 e 1760 viaja por toda a Fran\u00e7a, recrutando seguidores para seu pr\u00f3prio sistema. Em 1760, estava em Toulouse onde foi recebido nas Lojas Unidas de S\u00e3o Jo\u00e3o. Depois, no mesmo ano, foi recebido na Loja &#8220;Josu\u00e9 de Foix&#8221; onde iniciou v\u00e1rios ma\u00e7ons e formou o cap\u00edtulo chamado &#8220;O Templo Cohen&#8221;.<\/p>\n<p style=\"text-align: justify;\">Em 1761 estava em Bourdeaux onde, gra\u00e7as a sua Patente Stuart e com a recomenda\u00e7\u00e3o do Conde de Maillial d&#8217;Alzac, do Marqu\u00eas de Lescourt e dos irm\u00e3os d&#8217;Auberton, foi recebido na Loja &#8220;La Fran\u00e7aise&#8221;.<\/p>\n<p style=\"text-align: justify;\">Naquela \u00e9poca a Grande Loja da Fran\u00e7a n\u00e3o reconhecia os &#8220;Altos Graus&#8221;. Os ma\u00e7ons visitantes foram, portanto, recebidos na forma de Loja Azul nos Templos dos Elus-Cohen (o termo Loja Azul se refere aos tr\u00eas primeiros Graus Simb\u00f3licos de Aprendiz, Companheiro e Mestre, que constitu\u00edam a Primeira Classe dos Elus-Cohen, sob o nome de Ma\u00e7onaria de S\u00e3o Jo\u00e3o).<\/p>\n<p style=\"text-align: justify;\">\u00a0\u00a0\u00a0 A Segunda Classe, a dos Graus de Portal, era ainda externamente ma\u00e7\u00f4nica, mas continha pontos de uma doutrina secreta subjacente.<\/p>\n<p style=\"text-align: justify;\">\u00a0\u00a0\u00a0 A Terceira Classe, formada pelos Graus do Templo, constitu\u00eda os Altos Graus da Ordem. Utilizava &#8220;artilugios&#8221; e simbologia ma\u00e7\u00f4nica, mas o catecismo estava baseado na Doutrina Geral de Pasquallys. No grau de Grande Arquiteto, id\u00eantico ao do Cavaleiro do Oriente, o membro praticava uma purifica\u00e7\u00e3o f\u00edsica mediante uma dieta sob a qual se abstinha de alguns tipos de carnes e \u00f3rg\u00e3os de certos animais, algumas gorduras etc. Esta dieta que era altamente seletiva e que n\u00e3o h\u00e1 o que confundir com o estrito vegetarianismo, era similar \u00e0 dieta dos Levitas, prescrita no Antigo Testamento. O &#8220;Grande Arquiteto&#8221; realizava &#8220;opera\u00e7\u00f5es&#8221; dirigidas a expulsar os Poderes da Escurid\u00e3o que invadiram a Aura da Terra. Colaborava tamb\u00e9m em esp\u00edrito com as opera\u00e7\u00f5es especiais que realizava o Gr\u00e3o-Mestre, Pasquallys. Esse grau de Grande Arquiteto constitu\u00eda, na pr\u00e1tica, o grau de Aprendiz R\u00e9aux-Croix.<\/p>\n<p style=\"text-align: justify;\">O Grau Superior de Templo, o de Comendador do Oriente ou Grande Eleito de Zorobabel, \u00e9 um grau passivo no qual o membro n\u00e3o realiza nenhuma opera\u00e7\u00e3o. \u00c9 um per\u00edodo de repouso antes da ordena\u00e7\u00e3o na Ordem Sagrada de R\u00e9au-Croix. O ensinamento se baseia na lenda de Zorobabel e nele se menciona a Ponte misteriosa que deve ser cruzada pelo candidato aos Mist\u00e9rios. A palavra R\u00e9au-Croix n\u00e3o deve ser confundida com &#8220;Rose-Croix&#8221; e n\u00e3o tem nada que ver com &#8220;rosacruz&#8221;.<\/p>\n<p style=\"text-align: justify;\">No grau secreto de R\u00e9au-Croix, o iniciado \u00e9 posto em contato com o Mundo do Mais Al\u00e9m (as Esferas dos Poderes Celestiais) mediante a Alta Magia, ou Teurgia. Evoca os Poderes Celestiais na Aura da Terra. Manifesta\u00e7\u00f5es auditivas e visuais capacitam ao R\u00e9au-Croix avaliar sua pr\u00f3pria evolu\u00e7\u00e3o (e a de outros evocadores) e ver se ele (ou eles) foi reintegrado em seus poderes original.<\/p>\n<p style=\"text-align: justify;\">O grau secreto &#8220;desconhecido&#8221; de Grande R\u00e9au-Croix se supunha que era a permiss\u00e3o para a Prova Suprema da Ordem, a nunca alcan\u00e7ada &#8220;opera\u00e7\u00e3o final&#8221; que era a evoca\u00e7\u00e3o de &#8220;Cristo Glorioso&#8221;, o Reparador, Adam Kadmon Reintegrado.<\/p>\n<p style=\"text-align: justify;\">Tenhamos em conta que os Graus de Portal estavam separados dos Graus Simb\u00f3licos pelo Grau de Grande Eleito ou Mestre Particular. Este foi o que seria conhecido como &#8220;grau de vingan\u00e7a&#8221; no qual os votos de segredo s\u00e3o renovados em uma cerim\u00f4nia realizada para ter o poder m\u00e1gico de dar castigo ao que renuncie \u00e0 sua obriga\u00e7\u00e3o.<\/p>\n<p style=\"text-align: justify;\">Antes de sua morte, Martinez de Pasquallys havia nomeado como seu sucessor a seu primo Armand Cagnet de Lest\u00e8re, Secret\u00e1rio Geral do Ex\u00e9rcito em Port-au-Prince, Haiti. Esse Irm\u00e3o tinha pouqu\u00edssimo tempo para dedicar-se \u00e0 Ordem e somente podia supervisionar os Templos Cohen de Port-au-Prince e L\u00e9ogane em Haiti. Ocorreram divis\u00f5es entre os Templos na Europa. A.C. de L\u00e8stere morreu em 1778 depois de haver transmitido seus poderes ao V.P.M. Sebastian de las Casas. Este novo Gr\u00e3o-Mestre n\u00e3o intentou reconciliar os diferentes ramos dos Elus-Cohen nem unificar o Rito. Pouco a pouco, os Templos Elus-Cohen foram se fechando.<\/p>\n<p style=\"text-align: justify;\">\u00a0A Doutrina continuou sendo transmitida, sem embargo, de pessoa a pessoa ou dentro dos &#8220;Are\u00f3pago&#8221; Cabal\u00edsticos compostos por nove membros. Em 1806, &#8220;opera\u00e7\u00f5es&#8221; seguiam sendo feitas nas datas de equin\u00f3cios. Um dos \u00faltimos representantes diretos dos Elus-Cohen foi o Vener\u00e1vel Mestre Destigny que morreu em 1868. Muitos dos disc\u00edpulos de Martinez se distinguiram por seus escritos, tais como o Bar\u00e3o d&#8217;Holbach, que escreveu &#8220;O Sistema da Natureza&#8221;, o erudito hebreu e cabalista Duchanteau que \u00e9 o autor do &#8220;Calend\u00e1rio M\u00e1gico&#8221;; Jacques Cazotte, famoso autor do &#8220;Dem\u00f4nio Enamorado&#8221;; Bacon de la Chevalerie; Jean Baptiste Willermoz que desempenhou um papel muito importante na Ma\u00e7onaria; e o c\u00e9lebre &#8220;Fil\u00f3sofo Desconhecido&#8221; Louis-Claude de Saint-Martin.<\/p>\n<p style=\"text-align: justify;\">\u00a0Antes que a Ordem dos Elus-Cohen perdesse sua vitalidade, dois eminentes membros preservaram a doutrina original: o primeiro, Jean-Baptiste Willermoz, integrando-a com alguns Ritos da Ma\u00e7onaria; o outro, Louis Claude de Saint-Martin, incorporando-a um sistema modificado de filosofia perpetuado por inicia\u00e7\u00f5es pessoais.<\/p>\n<p style=\"text-align: justify;\"><strong>Se voc\u00ea quiser mais informa\u00e7\u00f5es ou se voc\u00ea quiser se tornar um membro de nossa Ordem, por favor contate-nos em <a href=\"mailto:maconariamista@yahoo.com\">maconariamista@yahoo.com<\/a>.br<\/strong><\/p>\n<p style=\"text-align: justify;\">\u00a0<\/p>\n<p><strong>\u00a0<\/strong><\/p>\n<p>\u00a0<\/p>\n\n\n<p><\/p>\n","protected":false},"excerpt":{"rendered":"<p>\u00a0 LOJA MARTINEZ DE PASQUALLY A \u201cORDEM MARTINISTA DOS FIL\u00d3SOFOS DESCONHECIDOS \u00a0\u00e9 constitu\u00edda de dois C\u00edrculos: a) O C\u00edrculo Externo para estudos esot\u00e9ricos, que \u00e9 uma escola de ensino para os primeiros dois graus que se encontram em uma &#8220;Loja &hellip; <a href=\"http:\/\/igrejagnosticarosacruz.com\/?page_id=357\">Continue lendo <span class=\"meta-nav\">&rarr;<\/span><\/a><\/p>\n","protected":false},"author":3,"featured_media":0,"parent":0,"menu_order":0,"comment_status":"closed","ping_status":"closed","template":"sidebar-page.php","meta":{"_mi_skip_tracking":false},"_links":{"self":[{"href":"http:\/\/igrejagnosticarosacruz.com\/index.php?rest_route=\/wp\/v2\/pages\/357"}],"collection":[{"href":"http:\/\/igrejagnosticarosacruz.com\/index.php?rest_route=\/wp\/v2\/pages"}],"about":[{"href":"http:\/\/igrejagnosticarosacruz.com\/index.php?rest_route=\/wp\/v2\/types\/page"}],"author":[{"embeddable":true,"href":"http:\/\/igrejagnosticarosacruz.com\/index.php?rest_route=\/wp\/v2\/users\/3"}],"replies":[{"embeddable":true,"href":"http:\/\/igrejagnosticarosacruz.com\/index.php?rest_route=%2Fwp%2Fv2%2Fcomments&post=357"}],"version-history":[{"count":13,"href":"http:\/\/igrejagnosticarosacruz.com\/index.php?rest_route=\/wp\/v2\/pages\/357\/revisions"}],"predecessor-version":[{"id":766,"href":"http:\/\/igrejagnosticarosacruz.com\/index.php?rest_route=\/wp\/v2\/pages\/357\/revisions\/766"}],"wp:attachment":[{"href":"http:\/\/igrejagnosticarosacruz.com\/index.php?rest_route=%2Fwp%2Fv2%2Fmedia&parent=357"}],"curies":[{"name":"wp","href":"https:\/\/api.w.org\/{rel}","templated":true}]}}